6) + 1). Calculate z(i).
2
Let p(w) = w**3 - 32*w**2 + 91*w - 5407. Let k be p(34). Let r(h) be the second derivative of h**5/20 + h**3/3 + h**2 + h. What is r(k)?
-1
Let h(a) be the second derivative of a**6/180 + a**5/12 - a**4/6 + a**3/6 + 3*a - 4. Let s(w) be the third derivative of h(w). Give s(8).
42
Let y(k) = k**3 - 43*k - 185*k**2 + 283*k**2 + 38 - 79*k**2 - 7. Give y(-21).
52
Let x(l) = 10*l**2 + 1. Let u be x(1). Let y(b) = 23*b**3 + 4*b**2 - 20*b. Let i(c) = 3*c**3 - c**2 - c. Let k(o) = -8*i(o) + y(o). Calculate k(u).
-11
Suppose 3*u + n = u + 12, -4*n - 8 = 0. Let i(s) = -s + 1. Let m(z) = -5*z + 14. Let k(w) = -4*i(w) + m(w). Calculate k(u).
3
Suppose 2*y + 2 = 3*y. Let f be -1 + (1 - (3 - y)). Let g(m) = m + 1. Let i(x) = 13. Let q(v) = f*g(v) + i(v). Give q(0).
12
Let p(c) = c**3 + 5*c**2 - 2*c + 3. Let s be p(-5). Let i(t) = 10*t + 0 + 3 - s*t - 1. Let u(z) = 2*z**2 + 41*z + 93. Let m be u(-18). What is i(m)?
-7
Let i(c) = 2*c + 64. Let o(m) = -44*m - 2145. Let g be o(-48). Determine i(g).
-2
Let x be (-69)/(-2) - 14/28. Let w(c) = -1 + 31*c + 15*c - x*c. Give w(-1).
-13
Suppose 31*d - 33*d = -61*d + 354. Let z(h) = -6*h + 2. Give z(d).
-34
Let v(x) be the third derivative of -x**6/120 + 9*x**5/20 - 7*x**4/6 + 2*x**3 - 2395*x**2. What is v(26)?
-40
Let g be 16/(-2 + 4) + 30/(-10). Let z(f) = f**2 + 4*f + 3. Determine z(g).
48
Let a = 10899 - 10892. Let r(n) = n**3 - 9*n**2 + 15*n + 3. Determine r(a).
10
Let p(k) = k**3 - k**2 - 28*k - 9. Let b(z) = -z**3 + 26*z + 9. Let v(l) = -5*b(l) - 4*p(l). Calculate v(-7).
-30
Let b(s) = s**3 - 19*s**2 - 3*s - 17. Let n = 39413 - 39394. What is b(n)?
-74
Let k be -25*((-576)/(-45) + -13). Let o be -2 + (1 - 3/(-1)). Let c(l) = -o*l**3 + l**2 + k - 19 + 13 - l. Calculate c(-1).
3
Suppose -10*c - c = -132. Let z(o) = o**2 - 17*o + 63. Let w be z(c). Let i(j) = -j**3 + 5*j**2 - 2*j - 1. What is i(w)?
11
Let i(n) = n**2 - n + 3. Let h be (38/5)/((-142)/(-355)) + -8. Calculate i(h).
113
Let l(v) = -v - 123. Let u(x) = -2*x - 156. Let b(r) = 5*l(r) - 4*u(r). Let w(c) = 8*c + 3. Let s be w(-1). Determine b(s).
-6
Let c(o) = -o**3 - 3*o**2 - o - 1. Let i be c(-3). Let k = -167 - -180. Let r(u) = 5*u**2 - k*u + 2*u**3 + 2*u**2 - 8*u**2 + 14*u. Give r(i).
14
Let z be (-36)/(-10) + (-2)/(-5). Let y(c) be the first derivative of -c**3/3 + 3*c**2/2 + c + 878. Determine y(z).
-3
Let o be (-34)/6*(-3 + 0). Let z be (4/4)/(1/o). Suppose m + 4*m = -w - 36, 2*m + 3*w = -z. Let i(n) = -n**3 - 8*n**2 - 8*n - 5. Calculate i(m).
2
Suppose -3*v - 13*b + 2 = -9*b, 4*v + b + 6 = 0. Let p(t) = 5*t**2 + 0 + t**2 + 1 - 3*t**3 + 2*t + 2 - 4*t**2. What is p(v)?
31
Let w(m) = -28*m + 210. Let t(d) = -2*d - 2. Let j(p) = -16*t(p) + w(p). Give j(-61).
-2
Let h(b) = -12. Let v(u) = 4*u - 88. Let k(z) = -4*h(z) + v(z). Give k(9).
-4
Let g(d) = 2*d - 1. Let r(u) = -3*u**2 - 20*u + 23. Let k be r(-7). Let v(z) = z**3 + 7*z**2 - 10*z - 1. Let y be v(-8). Let j = y - k. Give g(j).
-3
Suppose -2*v = -3 + 1. Suppose -3 = -t - v. Let u(k) = 4 - 8*k - 2*k + 4*k - k + k**t. Calculate u(7).
4
Let g(o) = -o**2 - 10*o - 9. Let k = -76 - -81. Suppose c - 7 = -c + k*y, 3*c = 5*y - 2. Determine g(c).
0
Let b(w) = -3*w**2 - 331*w - 661. Let q be b(-2). Let a(i) = -7*i - 71. What is a(q)?
6
Let m = -2809 - -2803. Let n(y) = y**3 + 5*y**2 - 7*y - 12. Determine n(m).
-6
Let y(h) = -h**3 + 8*h**2 - 8*h. Let s be 6/8*160/(-60). Let v be ((-12)/s)/(7 - (17 + -11)). Give y(v).
24
Let k(y) = 5*y**3 - 2*y**2 + 3*y + 1. Suppose -8*n - 23 = -55. Let s(p) = -5*p**3 + 2*p**2 - 4*p - 1. Let c(v) = n*k(v) + 3*s(v). Give c(-1).
-6
Let h(v) = v**2 + 2*v. Let q(s) = -4*s**2 - 8*s. Let w = -638 + 632. Let l(z) = w*h(z) - q(z). Suppose 5*r = 4*a - 8, -3*a + 0*r - 21 = 3*r. Give l(a).
-6
Let l(t) be the first derivative of -2*t**3/3 + t**2/2 - t + 891. Calculate l(1).
-2
Let z(n) = 5*n - 35. Let l(s) = 2*s - 17. Let d(q) = -7*l(q) + 3*z(q). Suppose -x + 36*x + 438 = -38*x. What is d(x)?
8
Let b(v) = v**2 + v + 4*v**3 + 1 - 27*v**2 + 23*v**2. Let z be (5 + -1)*(10/(-4))/(-5). Calculate b(z).
23
Suppose -34 + 26 = -4*w. Let n(m) = -2 - 2*m**w - 27*m + 31*m - 6 - 4*m**2 + m**3. Let d be ((-8)/16)/(1/(-12)). What is n(d)?
16
Let k(m) be the third derivative of 5*m**4/24 + 55*m**3/6 - 1088*m**2. Give k(-12).
-5
Let x(o) = -3*o**3 - o - 2. Let u = 154 + -148. Suppose f = -3*h - 9, h - 10 = u*f - 2*f. Determine x(h).
24
Let c(d) = -3*d - 4. Let w(f) = 11*f + 10. Let m(p) = 12*p + 10. Let q(l) = 4*m(l) - 5*w(l). Let g(z) = -9*c(z) + 4*q(z). Determine g(-4).
0
Let s(v) = 8*v - 65. Suppose 6390*y - 6332*y = 696. Determine s(y).
31
Let t(v) = v**2 + v - 3. Let k be 16/((5 - -3)/4). Let z(c) = 3*c**2 + 2*c - 15 - 23 - 14 + 43. Let d(g) = k*t(g) - 3*z(g). Calculate d(3).
0
Let d(a) = 3*a + 5. Let z be d(-1). Let j(q) = -q**2 - 11*q. Let c be j(-10). Let v(r) = -29*r**2 + 18*r**2 + 1 + c*r**z. Calculate v(-3).
-8
Let f(n) be the first derivative of n**4/4 - 8*n**3/3 + 4*n**2 - 5*n + 1282. Determine f(7).
2
Suppose 22 = 13*w + 36 + 51. Let k = 10 + -7. Let z(y) = -k*y + 0 + 6*y - 2 - 2*y. What is z(w)?
-7
Suppose 9*n + 39 = -21 + 24. Let g(z) = 20*z + 65. Give g(n).
-15
Let t(k) = k**3 + 24*k**2 - 256*k - 2. Let b be t(-32). Let v(r) = 2*r + 2 - 2 + r**2. Determine v(b).
0
Let z(n) = n**2 - 2 - 7 - 3 + 3 - 1 + n. What is z(-5)?
10
Let t(l) = -l**2 + 2*l - 2. Suppose 26*w - 24*w - 16 = 0. Suppose -w*j + 140 = 12. Suppose 0 - j = -4*x. What is t(x)?
-10
Suppose -4*t + 11 = -v, -v - 12 = 5*t - 10*t. Let d = 90 + -81. Let k(h) = h**2 - 8*h + 23*h - 6*h + d. Determine k(v).
-5
Let u(n) = -120*n + 3855. Let l be u(32). Let t(f) = f**3 - 17*f**2 + 31*f - 16. What is t(l)?
-1
Suppose 0 = 3*m + 5*b - 31, 0 = 4*m - 3*b - 0 + 7. Suppose -3 = -m*k + 3. Suppose -10 + 25 = k*w. Let o(x) = x**2 - 7*x + 4. Give o(w).
-6
Let d(i) be the third derivative of 0 + 1/8*i**4 - 162*i**2 + 0*i - 7/6*i**3. Determine d(3).
2
Let b be ((-18)/(-4)*(-28)/(-21))/2. Let f(l) = 2*l + 14. Calculate f(b).
20
Let p(d) = d**2 + 2*d - 9. Suppose 4*i + i + 25 = 0. Let x be p(i). Let s(n) = -x*n - 4*n + 9*n - 11. Calculate s(-7).
-4
Suppose -10*x + 187*x + 169*x - 7958 = 0. Let l(t) = -t**2 + 21*t + 10. What is l(x)?
-36
Let a(q) be the first derivative of -5*q**2/2 - 24*q + 2318. Give a(-5).
1
Suppose 0*x = -4*x - 132. Let u = x - -38. Suppose 1 = q - 2*r + 2, u*r = -q + 13. Let p(l) = l**3 - 4*l**2 + 3*l. Determine p(q).
0
Suppose -5*p - 3 = -8. Let s(a) = 2*a + 5 - p - a. Suppose -2*o = -r - 17, -3*r - 89*o - 16 = -88*o. What is s(r)?
-3
Let x(s) be the first derivative of s**2/2 - 20*s + 125. Let c(b) = 2. Let g(h) = -6*c(h) - x(h). Determine g(7).
1
Let h(n) = -n**3 + 5*n**2 + 2*n - 7. Let x = -4 + 14. Suppose -2*d - x = 2*t - 48, -2*t = -5*d + 67. Suppose d*m - 18*m + 15 = 0. What is h(m)?
3
Let q be (0 - (-5)/35) + 20/7. Let z(f) = q*f - 8 + f**2 + 0*f + 10 - 10. Determine z(-5).
2
Let x(v) = 2*v - 109*v**3 + 108*v**3 + 4*v**2 + 15 + v. Let y be x(5). Let w(f) = 11*f - 57. Let s be w(y). Let d(h) = -4*h + 2. Determine d(s).
10
Let c(o) = o**2 - 6*o - 4. Let r be (18/1053*-13)/((-2)/54). What is c(r)?
-4
Let n(l) = 2*l**2 + 32*l + 63. Let m(s) = 4*s**2 - 118*s + 646. Let z be m(22). Calculate n(z).
7
Let n(f) = f**3 - 12*f**2 + 5. Let o = 4 - 4. Let r be 1 + 11 + o*3/27. Calculate n(r).
5
Let a(b) = 4577*b**2 + 441*b**3 - 4588*b**2 - 440*b**3 + 17*b. What is a(9)?
-9
Let a(v) = 2*v**2 + 67*v + 25. Let s = -14469 - -14436. What is a(s)?
-8
Let g(o) = 8*o + 35. Let m(j) = 100*j - 1806. Let l be m(18). Determine g(l).
-13
Let f be (-72)/7 + (-2)/(-7). Let n(z) be the first derivative of -z**2 - 12*z + 29932. Give n(f).
8
Let l(m) = -4*m + 4. Let i = 210 + -260. Let p = i + 45. Calculate l(p).
24
Suppose -2*k = 5*q - 3*q + 150, -3*q = -3*k + 195. Let y be (14/3)/(q/105). Let u(w) = -w**2 - 6*w + 1. What is u(y)?
-6
Let i(w) = w**2 + 14*w + 48. Suppose 5*f - g + 46 = 0, f + 2*g = 11 - 7. Determine i(f).
0
Let i = -44 - -28. Let y be 9/6*i/(-12). Let v(b) = -4*b**3 - y + 7*b + 2 + 5*b**3 + 7*b**2. Determine v(-6).
-6
Let i(f) = -2*f - 4. Suppose -2*x - 107 = -16*x + 61. Determine i(x).
-28
Let d(v) = -3*v**2 + 4. Let h(u) be the second derivative of u**4/6 + 4*u**3/3 - 13*u**2 + 186*u. Let p be h(-6). What 